se 0 = -f*s + 3*s - 373. Is s composite?
False
Let j be ((-18)/(-6) - (-8)/(-2)) + 3512. Suppose 9*a - 11915 = j. Is a a composite number?
True
Let h = -11719 - -143516. Is h prime?
True
Let n(c) = 195*c**3 + 248*c**3 - 153*c**3 + 249*c**3 + 4 - 2. Is n(1) a composite number?
False
Suppose -347*r + 384*r - 15337721 = 0. Is r prime?
False
Let k be (28 + -29)/(2/(-29338)). Let g = k - 6778. Is g composite?
True
Suppose 5*o = f - 105291 + 26603, -3*f + o + 236120 = 0. Suppose -f = -5*c + 61037. Is c a prime number?
False
Let n(q) = -2*q**2 - 11*q - 9. Let z be n(-5). Let b(o) = -25*o**3 - 5*o**2 - 2*o + 7. Is b(z) composite?
True
Let p(s) = -3*s**2 + 3*s - 2. Let j be p(-3). Let q = j + 41. Suppose -x = -q*u + 2734, 5*x = -u + 787 + 151. Is u prime?
False
Is -9 + 6427798/312 + 2/24 a composite number?
False
Suppose 5*n = 4*m - 75, 4*n - 4*m + 60 = -0*n. Let f = 16 + n. Is (-2 - f - -4)/(2/2194) prime?
True
Let r(g) = -401*g**3 - 2*g**2 + 29*g + 109. Is r(-3) a prime number?
True
Is 2388964/6 - (-54)/216*(-16)/(-12) prime?
False
Let z(s) = 25*s**2 - 9*s - 1. Let c be z(-7). Suppose -4*n = -2*m - 1216, 0 = -4*m - n - 3109 + 668. Let w = c + m. Is w a prime number?
True
Suppose 2*c - 5*j = 54983, 25 = -6*j + j. Is c composite?
False
Suppose -23*g + 19*g + 8 = 0, 4*g = 5*i - 12. Suppose -i*f + 32140 = -4*q, 5*f - q - 40187 = q. Is f a prime number?
True
Let v = -2345 + 1249. Let u = 2639 + v. Is u a composite number?
False
Let r(k) = k**2 + 14*k + 1. Let w be r(-15). Suppose 15*n = w*n - 3631. Is n composite?
False
Suppose 2*c + 2*k - 66 = 0, -c + 3*c - 74 = 2*k. Let z = -30 + c. Suppose 2402 - 337 = 5*v + z*g, g + 2041 = 5*v. Is v a composite number?
False
Suppose 5*n + 16 = 3*m, -2*m + 2*n = -3*n - 19. Let f be (-451 - -5) + 0/(-1). Let d = m - f. Is d composite?
False
Suppose -505*k + 72350 = -1000*k + 520*k. Is k prime?
False
Suppose -111076 = -2191*u + 2177*u. Is u a prime number?
False
Is 4153*((-8)/12)/(14/(-231)) a composite number?
True
Suppose 0 = -260*s + 326*s - 588918. Is s prime?
True
Suppose 21*f - 17*f = 20. Suppose 4*y + f*b + 3 = 2*y, -4*y = -2*b - 6. Is 4 - (543*-4 - y) a composite number?
True
Suppose h = 798 + 18. Let m be (158/(-8))/(12/h). Let w = 3274 + m. Is w a composite number?
False
Suppose -4*i = -4*b + 6955228, 59*i - 56*i - 1738775 = -b. Is b a composite number?
False
Suppose -2*d = -33 + 41, 5*b = -4*d + 1734259. Is b a prime number?
False
Let l(p) = 18399*p**2 + 1436*p + 32. Is l(-9) a composite number?
True
Suppose 10 = 2*f + 10. Let i(z) = 8*z + 21. Let d be i(f). Let c(k) = k**2 + 9*k + 19. Is c(d) composite?
True
Suppose 4*m - 120516 = -2*z, 9*m - 5*z + 150655 = 14*m. Is m a composite number?
True
Let p = -1 + 8. Let t(n) = 56*n**2 - 15*n + 15. Let r be t(p). Suppose 7*f = 8*f - r. Is f a composite number?
True
Let s(d) = -7*d**2 + 9*d + 15. Let c be s(-15). Let n = c + 1206. Let i = -268 - n. Is i a prime number?
False
Let z = -32779 + 33982. Is z composite?
True
Suppose -2*g = -4*b - 0*g + 12, g - 15 = -5*b. Suppose -6741 - 11118 = -b*q. Is q a prime number?
True
Suppose -2*h - 9 = -3*n, -n + 4 = -5*h + 1. Suppose f = 4*l + 623, n*f = 2*l + 588 + 1301. Is f/(4 - (-22)/(-6)) prime?
False
Let k(j) = 916*j**2 - 44*j + 92. Let x be k(2). Suppose 0 = 12*a + 16*a - x. Is a composite?
False
Suppose 0 = 3*i + 2*l - 1172, 3*i - 2*l - 3*l = 1144. Let o = i + -264. Let p = 911 - o. Is p a prime number?
True
Let c be (-3)/9*(0/4 - 6). Suppose -3*k = -3*z - 4512, c*z + 4 = -2. Is k prime?
False
Let v = 222 - -1382. Let p(u) = 2*u**2 + 7*u + 4. Let z be p(-5). Suppose -15*h = -z*h + v. Is h a composite number?
False
Suppose -2*h + 5*h - 2*x - 17 = 0, -5*h - x + 11 = 0. Suppose -4*d + 2 = -2*d, -h*b + 13 = 4*d. Suppose -2*m + b*c + 394 = c, 3*c = 6. Is m a composite number?
False
Let y(k) = 8*k - 35. Let i(t) = 6*t - 193. Let c be i(34). Is y(c) prime?
True
Let a = 119 - 186. Let c = a + 73. Suppose -c*z + 1928 - 590 = 0. Is z a prime number?
True
Let g = 189 - 191. Is ((-287975)/50)/(1/g) a composite number?
False
Suppose 147*g - 22666203 = -42*g. Is g a composite number?
True
Is 6/54*222*(-174)/(-4) a prime number?
False
Suppose 7*x - 42 = -112. Let y(u) = -2215*u + 121. Is y(x) a prime number?
True
Let x(m) = -186*m - 365. Is x(-7) a composite number?
False
Let q be 2 - 31334/(-8) - 3/4. Suppose 10*d = q + 1492. Is d a prime number?
True
Suppose -3*f + 7 + 17 = 0. Suppose 2*i + 36858 = f*i. Is i prime?
True
Let a(p) = -2*p**3 - 24*p**2 + 28*p + 39. Suppose -16*k + 100 = -21*k - v, 5*k + 5*v = -100. Is a(k) composite?
False
Is (0 - (-14)/2) + (-17 - -37728) prime?
False
Suppose 0 = 374*d - 464*d + 26018910. Is d a prime number?
True
Suppose 11 = 3*b - 25. Let j be (-20)/b*-1*3. Suppose 2*z - j*k = 4*z - 974, k = 0. Is z prime?
True
Is 4/(-24) - 34/(-9)*2652237/36 prime?
True
Suppose -i + 8*v + 83415 = 6*v, 5*v - 166848 = -2*i. Suppose -i = -75*h + 58*h. Is h prime?
False
Suppose 5*k + 4*m + 10 = 0, 5*m = 8*k - 10*k - 4. Is 296205/175 + k/(-5) a composite number?
False
Let a be (-1)/((24/(-20))/6). Let g be -187 - -2 - (a - 1). Let o = 276 + g. Is o a composite number?
True
Let n(v) = v**3 - 12*v**2 - v + 8. Let t be n(12). Is ((-12)/(-20) + -1)/(t/62180) a prime number?
False
Let u be ((-3)/4)/((14/(-48))/7). Let h be (-28)/24 + 3/u. Is (957/(-6) - h)*(1 + -3) a prime number?
True
Let l(g) be the second derivative of -g**4/12 + 3*g**3/2 + 12*g**2 + 23*g. Let q be l(10). Is (-1)/((-5)/9937) + q/(-35) composite?
False
Suppose 24*y - 155*y = -3114394. Is y a prime number?
False
Suppose -5*s + 0*s = -70. Suppose s = n + 127. Let y = 184 + n. Is y composite?
False
Let u = 177527 + 694680. Is u a composite number?
True
Let r be (-2 + 8 - 3)*(-2)/(-3). Let k = 486 + -165. Suppose -r*a + 853 = -k. Is a prime?
True
Let i = 3197 - -4614. Is i prime?
False
Is (-436033)/(-104) - (-15)/40 a prime number?
False
Suppose 5*m + 4*p - 92601 = 0, -2*m = -5*p + 2*p - 37022. Is m a composite number?
False
Suppose 0 = 11*i + 55 - 99. Suppose i*h = -4, s + h - 1638 = -0*h. Is s a prime number?
False
Suppose 3573663 - 1123800 = 117*k. Is k composite?
False
Let i = -209136 + 359687. Is i a composite number?
False
Let x(d) = -10*d + 67. Let y be x(6). Let f be -4 + 6/3 + 27884. Suppose -10235 = y*s - f. Is s prime?
True
Let p = 172661 + 9636. Is p composite?
False
Let m be (4/8*4780)/(2/4). Let a = m + -2406. Is a a composite number?
True
Is 37398 + 12/72*66 prime?
True
Suppose -a + 2*c + 23 = 0, a = -a + 3*c + 51. Let q = a - 32. Let w(f) = 1881*f + 12. Is w(q) composite?
True
Let m be (-6)/27 + ((-604)/36 - 4). Let z be 6/m + 4/(56/46). Suppose 5*g - 7*g - k + 12789 = 0, z*g - k = 19186. Is g composite?
True
Let w = -51522 + 118979. Is w a composite number?
True
Let w(z) = -3*z + 6. Let f be w(-3). Suppose 4*p = 2*r + p - f, p + 3 = 0. Suppose -172 - 101 = -r*y. Is y composite?
True
Suppose -114506 = 1249*i - 1263*i. Is i prime?
True
Let c = 76 - 68. Suppose 56739 = c*d + 6027. Is d a composite number?
True
Let v be 6/(-39) + (-300637)/(-247). Suppose v = 3*a - 5*w - 24489, -25705 = -3*a + 4*w. Is a a prime number?
False
Suppose -2852*r - 4262593 = -2871*r. Is r composite?
True
Let m(u) = u**2 - 21*u + 128. Let z be m(13). Suppose 0 = -z*i + 32*i - 26512. Is i prime?
False
Suppose -2*c = -112 + 132. Is 502*((-45)/c)/9 composite?
False
Suppose 8 = -2*r - 6*r. Let a be (1 - 4) + r + 19. Let l(y) = 3*y**2 - 21*y + 17. Is l(a) a composite number?
True
Let x = -63 + 63. Let f be (x + 10134)*8/12. Suppose -8*h + 12*h - f = 0. Is h prime?
False
Suppose -m + 21*p = 19*p + 4, 4*p - 24 = -2*m. Suppose m*c = -0*c + 46796. Is c a composite number?
False
Let x = -13740 - -24091. Suppose -5*u - 5*g + 3*g = -x, -4*u + 5*g = -8294. Suppose -5*r - 756 = -u. Is r a prime number?
True
Let t(h) = -h**3 + 18*h**2 + 12*h - 12. Let p be ((-150)/12)/(-1) - 9/6. Is t(p) a prime number?
True
Suppose 41*r - 45*r = -1212476. Is r prime?
True
Let w = -18 + 12. Let f(r) be the first derivative of -35*r**2 - 9*r - 180. Is f(w) a composite number?
True
Let o(b) = -2*b + 2. Let d be o(-7). Let w = -70 + 759. Is (-4*(-4)/d)/(1/w) a prime number?
False
Suppose -14*b = 3*f - 11*b + 63405, -b = 3*f + 63403. Let r = 30167 + f. Is r a composite number?
True
Suppose -1451 = -9*n - 6